{"id":94195,"date":"2024-07-03T17:20:16","date_gmt":"2024-07-03T17:20:16","guid":{"rendered":"https:\/\/todoenrefrigeracion.com\/?post_type=product&#038;p=94195"},"modified":"2024-07-03T17:20:44","modified_gmt":"2024-07-03T17:20:44","slug":"gh-gl-gentle-air","status":"publish","type":"product","link":"https:\/\/megarefrigeracion.com\/index.php\/producto\/gh-gl-gentle-air\/","title":{"rendered":"GH-GL Gentle Air"},"content":{"rendered":"<p>La serie Gentle Air es ideal para aplicaciones de temperatura media por encima de 20 \u00b0F que requieren baja velocidad de aire. Los vers\u00e1tiles modelos de silueta baja y alta se pueden instalar nivelados y pegados al techo o sobre colgadores.<\/p>\n<p><span class=\"huss-rteStyle-SectionHeader\">Caracter\u00edsticas<\/span><\/p>\n<ul>\n<li>\n<div>Ventiladores de 10 pulgadas de di\u00e1metro, baja velocidad y 1550 RPM para una distribuci\u00f3n uniforme del aire y un funcionamiento silencioso<\/div>\n<\/li>\n<\/ul>\n<ul>\n<li>\n<div>Su caja de aluminio texturizado facilita el servicio, ya que incluye una charola de drenado con orificio con bisagras que est\u00e1 inclinada para drenar el condensado en el extremo de la unidad<\/div>\n<\/li>\n<\/ul>\n<ul>\n<li>\n<div>La opci\u00f3n para conexi\u00f3n de tres v\u00edas es est\u00e1ndar. Las conexiones el\u00e9ctricas y de refrigerante pueden ser a la derecha o a la izquierda, o verticales a trav\u00e9s del techo<\/div>\n<\/li>\n<\/ul>\n<ul>\n<li>\n<div>Construcci\u00f3n de bandeja doble.\u00a0 Tambi\u00e9n disponibles con opci\u00f3n de aislamiento de espuma en el lugar<\/div>\n<\/li>\n<\/ul>\n<ul>\n<li>\n<div>Los motores PSC son est\u00e1ndar<\/div>\n<\/li>\n<\/ul>\n<ul>\n<li>\n<div>Los modelos de gas caliente con calentador el\u00e9ctrico en la charola de drenado est\u00e1n disponibles en 115\/1 o 230\/1<\/div>\n<\/li>\n<\/ul>\n<ul>\n<li>\n<div>Todos los modelos est\u00e1n disponibles con descongelamiento de aire, el\u00e9ctrico o de gas<\/div>\n<\/li>\n<\/ul>\n<p>. . . . . . . . . . . . . . . . . . . . . . . . . . . . . . . . . . . . . . .\u00a0. . . .<\/p>\n<p><span class=\"huss-rteStyle-SectionHeader\">GH<\/span><\/p>\n<ul>\n<li>\n<div><span class=\"huss-rteStyle-ValueSectionContent\">Silueta alta y temperatura media con 4 o 6 aletas por pulgada<\/span><\/div>\n<\/li>\n<\/ul>\n<p><span class=\"huss-rteStyle-SectionHeader\">GL<\/span><\/p>\n<ul>\n<li>\n<div><span class=\"huss-rteStyle-ValueSectionContent\">Silueta baja y temperatura media con 4 o 6 aletas por pulgada<\/span><\/div>\n<\/li>\n<\/ul>\n","protected":false},"excerpt":{"rendered":"<p>La serie Gentle Air es ideal para aplicaciones de temperatura media por encima de 20 \u00b0F que requieren baja velocidad de aire. Los vers\u00e1tiles modelos de silueta baja y alta se pueden instalar nivelados y pegados al techo o sobre colgadores. Caracter\u00edsticas Ventiladores de 10 pulgadas de di\u00e1metro, baja velocidad y 1550 RPM para una&hellip;<\/p>\n","protected":false},"featured_media":94192,"comment_status":"open","ping_status":"closed","template":"","meta":[],"product_brand":[],"product_cat":[112],"product_tag":[],"class_list":{"0":"post-94195","1":"product","2":"type-product","3":"status-publish","4":"has-post-thumbnail","6":"product_cat-equipos-de-refrigeracion","7":"description-off","9":"first","10":"instock","11":"shipping-taxable","12":"product-type-simple"},"yoast_head":"<!-- This site is optimized with the Yoast SEO plugin v27.4 - https:\/\/yoast.com\/product\/yoast-seo-wordpress\/ -->\n<title>GH-GL Gentle Air - Megarefrigeracion<\/title>\n<meta name=\"description\" content=\"La serie Gentle Air es ideal para aplicaciones de temperatura media (&gt;20 \u00b0F) con baja velocidad de aire. Sus modelos de silueta baja y alta se instalan al techo o sobre colgadores.\" \/>\n<meta name=\"robots\" content=\"index, follow, max-snippet:-1, max-image-preview:large, max-video-preview:-1\" \/>\n<link rel=\"canonical\" href=\"https:\/\/megarefrigeracion.com\/index.php\/producto\/gh-gl-gentle-air\/\" \/>\n<meta property=\"og:locale\" content=\"es_ES\" \/>\n<meta property=\"og:type\" content=\"article\" \/>\n<meta property=\"og:title\" content=\"GH-GL Gentle Air - Megarefrigeracion\" \/>\n<meta property=\"og:description\" content=\"La serie Gentle Air es ideal para aplicaciones de temperatura media (&gt;20 \u00b0F) con baja velocidad de aire. Sus modelos de silueta baja y alta se instalan al techo o sobre colgadores.\" \/>\n<meta property=\"og:url\" content=\"https:\/\/megarefrigeracion.com\/index.php\/producto\/gh-gl-gentle-air\/\" \/>\n<meta property=\"og:site_name\" content=\"Megarefrigeracion\" \/>\n<meta property=\"article:modified_time\" content=\"2024-07-03T17:20:44+00:00\" \/>\n<meta property=\"og:image\" content=\"https:\/\/megarefrigeracion.com\/wp-content\/uploads\/2024\/07\/Serpentines-\u2013-Enfraidores-y-Congeladores-Walk-In-Serpentines.png\" \/>\n\t<meta property=\"og:image:width\" content=\"1152\" \/>\n\t<meta property=\"og:image:height\" content=\"864\" \/>\n\t<meta property=\"og:image:type\" content=\"image\/png\" \/>\n<meta name=\"twitter:card\" content=\"summary_large_image\" \/>\n<meta name=\"twitter:label1\" content=\"Tiempo de lectura\" \/>\n\t<meta name=\"twitter:data1\" content=\"2 minutos\" \/>\n<script type=\"application\/ld+json\" class=\"yoast-schema-graph\">{\"@context\":\"https:\\\/\\\/schema.org\",\"@graph\":[{\"@type\":\"WebPage\",\"@id\":\"https:\\\/\\\/megarefrigeracion.com\\\/index.php\\\/producto\\\/gh-gl-gentle-air\\\/\",\"url\":\"https:\\\/\\\/megarefrigeracion.com\\\/index.php\\\/producto\\\/gh-gl-gentle-air\\\/\",\"name\":\"GH-GL Gentle Air - Megarefrigeracion\",\"isPartOf\":{\"@id\":\"https:\\\/\\\/megarefrigeracion.com\\\/#website\"},\"primaryImageOfPage\":{\"@id\":\"https:\\\/\\\/megarefrigeracion.com\\\/index.php\\\/producto\\\/gh-gl-gentle-air\\\/#primaryimage\"},\"image\":{\"@id\":\"https:\\\/\\\/megarefrigeracion.com\\\/index.php\\\/producto\\\/gh-gl-gentle-air\\\/#primaryimage\"},\"thumbnailUrl\":\"https:\\\/\\\/megarefrigeracion.com\\\/wp-content\\\/uploads\\\/2024\\\/07\\\/Serpentines-\u2013-Enfraidores-y-Congeladores-Walk-In-Serpentines.png\",\"datePublished\":\"2024-07-03T17:20:16+00:00\",\"dateModified\":\"2024-07-03T17:20:44+00:00\",\"description\":\"La serie Gentle Air es ideal para aplicaciones de temperatura media (>20 \u00b0F) con baja velocidad de aire. Sus modelos de silueta baja y alta se instalan al techo o sobre colgadores.\",\"breadcrumb\":{\"@id\":\"https:\\\/\\\/megarefrigeracion.com\\\/index.php\\\/producto\\\/gh-gl-gentle-air\\\/#breadcrumb\"},\"inLanguage\":\"es\",\"potentialAction\":[{\"@type\":\"ReadAction\",\"target\":[\"https:\\\/\\\/megarefrigeracion.com\\\/index.php\\\/producto\\\/gh-gl-gentle-air\\\/\"]}]},{\"@type\":\"ImageObject\",\"inLanguage\":\"es\",\"@id\":\"https:\\\/\\\/megarefrigeracion.com\\\/index.php\\\/producto\\\/gh-gl-gentle-air\\\/#primaryimage\",\"url\":\"https:\\\/\\\/megarefrigeracion.com\\\/wp-content\\\/uploads\\\/2024\\\/07\\\/Serpentines-\u2013-Enfraidores-y-Congeladores-Walk-In-Serpentines.png\",\"contentUrl\":\"https:\\\/\\\/megarefrigeracion.com\\\/wp-content\\\/uploads\\\/2024\\\/07\\\/Serpentines-\u2013-Enfraidores-y-Congeladores-Walk-In-Serpentines.png\",\"width\":1152,\"height\":864,\"caption\":\"Serpentines \u2013 Enfraidores y Congeladores Walk-In Serpentines\"},{\"@type\":\"BreadcrumbList\",\"@id\":\"https:\\\/\\\/megarefrigeracion.com\\\/index.php\\\/producto\\\/gh-gl-gentle-air\\\/#breadcrumb\",\"itemListElement\":[{\"@type\":\"ListItem\",\"position\":1,\"name\":\"Portada\",\"item\":\"https:\\\/\\\/megarefrigeracion.com\\\/\"},{\"@type\":\"ListItem\",\"position\":2,\"name\":\"Productos\",\"item\":\"https:\\\/\\\/megarefrigeracion.com\\\/index.php\\\/shop\\\/\"},{\"@type\":\"ListItem\",\"position\":3,\"name\":\"GH-GL Gentle Air\"}]},{\"@type\":\"WebSite\",\"@id\":\"https:\\\/\\\/megarefrigeracion.com\\\/#website\",\"url\":\"https:\\\/\\\/megarefrigeracion.com\\\/\",\"name\":\"Megarefrigeracion\",\"description\":\"\",\"publisher\":{\"@id\":\"https:\\\/\\\/megarefrigeracion.com\\\/#organization\"},\"potentialAction\":[{\"@type\":\"SearchAction\",\"target\":{\"@type\":\"EntryPoint\",\"urlTemplate\":\"https:\\\/\\\/megarefrigeracion.com\\\/?s={search_term_string}\"},\"query-input\":{\"@type\":\"PropertyValueSpecification\",\"valueRequired\":true,\"valueName\":\"search_term_string\"}}],\"inLanguage\":\"es\"},{\"@type\":\"Organization\",\"@id\":\"https:\\\/\\\/megarefrigeracion.com\\\/#organization\",\"name\":\"Megarefrigeracion\",\"url\":\"https:\\\/\\\/megarefrigeracion.com\\\/\",\"logo\":{\"@type\":\"ImageObject\",\"inLanguage\":\"es\",\"@id\":\"https:\\\/\\\/megarefrigeracion.com\\\/#\\\/schema\\\/logo\\\/image\\\/\",\"url\":\"https:\\\/\\\/megarefrigeracion.com\\\/wp-content\\\/uploads\\\/2024\\\/07\\\/logomega-300x165-1.png\",\"contentUrl\":\"https:\\\/\\\/megarefrigeracion.com\\\/wp-content\\\/uploads\\\/2024\\\/07\\\/logomega-300x165-1.png\",\"width\":300,\"height\":165,\"caption\":\"Megarefrigeracion\"},\"image\":{\"@id\":\"https:\\\/\\\/megarefrigeracion.com\\\/#\\\/schema\\\/logo\\\/image\\\/\"}}]}<\/script>\n<!-- \/ Yoast SEO plugin. -->","yoast_head_json":{"title":"GH-GL Gentle Air - Megarefrigeracion","description":"La serie Gentle Air es ideal para aplicaciones de temperatura media (>20 \u00b0F) con baja velocidad de aire. Sus modelos de silueta baja y alta se instalan al techo o sobre colgadores.","robots":{"index":"index","follow":"follow","max-snippet":"max-snippet:-1","max-image-preview":"max-image-preview:large","max-video-preview":"max-video-preview:-1"},"canonical":"https:\/\/megarefrigeracion.com\/index.php\/producto\/gh-gl-gentle-air\/","og_locale":"es_ES","og_type":"article","og_title":"GH-GL Gentle Air - Megarefrigeracion","og_description":"La serie Gentle Air es ideal para aplicaciones de temperatura media (>20 \u00b0F) con baja velocidad de aire. Sus modelos de silueta baja y alta se instalan al techo o sobre colgadores.","og_url":"https:\/\/megarefrigeracion.com\/index.php\/producto\/gh-gl-gentle-air\/","og_site_name":"Megarefrigeracion","article_modified_time":"2024-07-03T17:20:44+00:00","og_image":[{"width":1152,"height":864,"url":"https:\/\/megarefrigeracion.com\/wp-content\/uploads\/2024\/07\/Serpentines-\u2013-Enfraidores-y-Congeladores-Walk-In-Serpentines.png","type":"image\/png"}],"twitter_card":"summary_large_image","twitter_misc":{"Tiempo de lectura":"2 minutos"},"schema":{"@context":"https:\/\/schema.org","@graph":[{"@type":"WebPage","@id":"https:\/\/megarefrigeracion.com\/index.php\/producto\/gh-gl-gentle-air\/","url":"https:\/\/megarefrigeracion.com\/index.php\/producto\/gh-gl-gentle-air\/","name":"GH-GL Gentle Air - Megarefrigeracion","isPartOf":{"@id":"https:\/\/megarefrigeracion.com\/#website"},"primaryImageOfPage":{"@id":"https:\/\/megarefrigeracion.com\/index.php\/producto\/gh-gl-gentle-air\/#primaryimage"},"image":{"@id":"https:\/\/megarefrigeracion.com\/index.php\/producto\/gh-gl-gentle-air\/#primaryimage"},"thumbnailUrl":"https:\/\/megarefrigeracion.com\/wp-content\/uploads\/2024\/07\/Serpentines-\u2013-Enfraidores-y-Congeladores-Walk-In-Serpentines.png","datePublished":"2024-07-03T17:20:16+00:00","dateModified":"2024-07-03T17:20:44+00:00","description":"La serie Gentle Air es ideal para aplicaciones de temperatura media (>20 \u00b0F) con baja velocidad de aire. Sus modelos de silueta baja y alta se instalan al techo o sobre colgadores.","breadcrumb":{"@id":"https:\/\/megarefrigeracion.com\/index.php\/producto\/gh-gl-gentle-air\/#breadcrumb"},"inLanguage":"es","potentialAction":[{"@type":"ReadAction","target":["https:\/\/megarefrigeracion.com\/index.php\/producto\/gh-gl-gentle-air\/"]}]},{"@type":"ImageObject","inLanguage":"es","@id":"https:\/\/megarefrigeracion.com\/index.php\/producto\/gh-gl-gentle-air\/#primaryimage","url":"https:\/\/megarefrigeracion.com\/wp-content\/uploads\/2024\/07\/Serpentines-\u2013-Enfraidores-y-Congeladores-Walk-In-Serpentines.png","contentUrl":"https:\/\/megarefrigeracion.com\/wp-content\/uploads\/2024\/07\/Serpentines-\u2013-Enfraidores-y-Congeladores-Walk-In-Serpentines.png","width":1152,"height":864,"caption":"Serpentines \u2013 Enfraidores y Congeladores Walk-In Serpentines"},{"@type":"BreadcrumbList","@id":"https:\/\/megarefrigeracion.com\/index.php\/producto\/gh-gl-gentle-air\/#breadcrumb","itemListElement":[{"@type":"ListItem","position":1,"name":"Portada","item":"https:\/\/megarefrigeracion.com\/"},{"@type":"ListItem","position":2,"name":"Productos","item":"https:\/\/megarefrigeracion.com\/index.php\/shop\/"},{"@type":"ListItem","position":3,"name":"GH-GL Gentle Air"}]},{"@type":"WebSite","@id":"https:\/\/megarefrigeracion.com\/#website","url":"https:\/\/megarefrigeracion.com\/","name":"Megarefrigeracion","description":"","publisher":{"@id":"https:\/\/megarefrigeracion.com\/#organization"},"potentialAction":[{"@type":"SearchAction","target":{"@type":"EntryPoint","urlTemplate":"https:\/\/megarefrigeracion.com\/?s={search_term_string}"},"query-input":{"@type":"PropertyValueSpecification","valueRequired":true,"valueName":"search_term_string"}}],"inLanguage":"es"},{"@type":"Organization","@id":"https:\/\/megarefrigeracion.com\/#organization","name":"Megarefrigeracion","url":"https:\/\/megarefrigeracion.com\/","logo":{"@type":"ImageObject","inLanguage":"es","@id":"https:\/\/megarefrigeracion.com\/#\/schema\/logo\/image\/","url":"https:\/\/megarefrigeracion.com\/wp-content\/uploads\/2024\/07\/logomega-300x165-1.png","contentUrl":"https:\/\/megarefrigeracion.com\/wp-content\/uploads\/2024\/07\/logomega-300x165-1.png","width":300,"height":165,"caption":"Megarefrigeracion"},"image":{"@id":"https:\/\/megarefrigeracion.com\/#\/schema\/logo\/image\/"}}]}},"_links":{"self":[{"href":"https:\/\/megarefrigeracion.com\/index.php\/wp-json\/wp\/v2\/product\/94195","targetHints":{"allow":["GET"]}}],"collection":[{"href":"https:\/\/megarefrigeracion.com\/index.php\/wp-json\/wp\/v2\/product"}],"about":[{"href":"https:\/\/megarefrigeracion.com\/index.php\/wp-json\/wp\/v2\/types\/product"}],"replies":[{"embeddable":true,"href":"https:\/\/megarefrigeracion.com\/index.php\/wp-json\/wp\/v2\/comments?post=94195"}],"wp:featuredmedia":[{"embeddable":true,"href":"https:\/\/megarefrigeracion.com\/index.php\/wp-json\/wp\/v2\/media\/94192"}],"wp:attachment":[{"href":"https:\/\/megarefrigeracion.com\/index.php\/wp-json\/wp\/v2\/media?parent=94195"}],"wp:term":[{"taxonomy":"product_brand","embeddable":true,"href":"https:\/\/megarefrigeracion.com\/index.php\/wp-json\/wp\/v2\/product_brand?post=94195"},{"taxonomy":"product_cat","embeddable":true,"href":"https:\/\/megarefrigeracion.com\/index.php\/wp-json\/wp\/v2\/product_cat?post=94195"},{"taxonomy":"product_tag","embeddable":true,"href":"https:\/\/megarefrigeracion.com\/index.php\/wp-json\/wp\/v2\/product_tag?post=94195"}],"curies":[{"name":"wp","href":"https:\/\/api.w.org\/{rel}","templated":true}]}}