{"id":94193,"date":"2024-07-02T21:22:27","date_gmt":"2024-07-02T21:22:27","guid":{"rendered":"https:\/\/todoenrefrigeracion.com\/?post_type=product&#038;p=94193"},"modified":"2024-07-02T21:23:20","modified_gmt":"2024-07-02T21:23:20","slug":"serie-kr","status":"publish","type":"product","link":"https:\/\/megarefrigeracion.com\/index.php\/producto\/serie-kr\/","title":{"rendered":"Serie KR"},"content":{"rendered":"<p>El enfriador compacto KR est\u00e1 especialmente dise\u00f1ado con una silueta baja que se adapta al ras del techo y utiliza menos de 16 pulgadas de espacio al techo.<\/p>\n<p>Este dise\u00f1o le ofrece m\u00e1s espacio de almacenamiento para todas las aplicaciones tipo walk-in. La serie KR est\u00e1 construida para gran eficiencia y facilidad de mantenimiento.<\/p>\n<p><span class=\"huss-rteStyle-SectionHeader\">Caracter\u00edsticas:<\/span><\/p>\n<ul>\n<li>\n<div>Su dise\u00f1o con aspas de flecha progresiva ofrece una operaci\u00f3n con poco ruido<\/div>\n<\/li>\n<\/ul>\n<ul>\n<li>\n<div>Protector de pl\u00e1stico en el ventilador<\/div>\n<\/li>\n<\/ul>\n<ul>\n<li>\n<div>Acceso frontal a los componentes de refrigeraci\u00f3n para facilitar el servicio<\/div>\n<\/li>\n<\/ul>\n<ul>\n<li>\n<div>El panel el\u00e9ctrico se localiza detr\u00e1s de la cubierta frontal de acceso de aluminio con bisagras<\/div>\n<\/li>\n<\/ul>\n<ul>\n<li>\n<div>Nueva tuber\u00eda estriada y dise\u00f1o mejorado de las aletas para mejorar la transferencia de calor<\/div>\n<\/li>\n<\/ul>\n<ul>\n<li>\n<div>Motores de ventiladores PSC permanentemente lubricados y con protecci\u00f3n t\u00e9rmica<\/div>\n<\/li>\n<\/ul>\n<ul>\n<li>\n<div>Disponibles con descongelamiento de aire, el\u00e9ctrico y de gas<\/div>\n<\/li>\n<\/ul>\n","protected":false},"excerpt":{"rendered":"<p>El enfriador compacto KR est\u00e1 especialmente dise\u00f1ado con una silueta baja que se adapta al ras del techo y utiliza menos de 16 pulgadas de espacio al techo. Este dise\u00f1o le ofrece m\u00e1s espacio de almacenamiento para todas las aplicaciones tipo walk-in. La serie KR est\u00e1 construida para gran eficiencia y facilidad de mantenimiento. Caracter\u00edsticas:&hellip;<\/p>\n","protected":false},"featured_media":94194,"comment_status":"open","ping_status":"closed","template":"","meta":[],"product_brand":[],"product_cat":[112],"product_tag":[],"class_list":{"0":"post-94193","1":"product","2":"type-product","3":"status-publish","4":"has-post-thumbnail","6":"product_cat-equipos-de-refrigeracion","7":"description-off","9":"first","10":"instock","11":"shipping-taxable","12":"product-type-simple"},"yoast_head":"<!-- This site is optimized with the Yoast SEO plugin v27.5 - https:\/\/yoast.com\/product\/yoast-seo-wordpress\/ -->\n<title>Serie KR - Megarefrigeracion<\/title>\n<meta name=\"description\" content=\"El enfriador compacto KR est\u00e1 especialmente dise\u00f1ado con una silueta baja que se adapta al ras del techo y utiliza menos de 16 pulgadas de espacio al techo.\" \/>\n<meta name=\"robots\" content=\"index, follow, max-snippet:-1, max-image-preview:large, max-video-preview:-1\" \/>\n<link rel=\"canonical\" href=\"https:\/\/megarefrigeracion.com\/index.php\/producto\/serie-kr\/\" \/>\n<meta property=\"og:locale\" content=\"es_ES\" \/>\n<meta property=\"og:type\" content=\"article\" \/>\n<meta property=\"og:title\" content=\"Serie KR - Megarefrigeracion\" \/>\n<meta property=\"og:description\" content=\"El enfriador compacto KR est\u00e1 especialmente dise\u00f1ado con una silueta baja que se adapta al ras del techo y utiliza menos de 16 pulgadas de espacio al techo.\" \/>\n<meta property=\"og:url\" content=\"https:\/\/megarefrigeracion.com\/index.php\/producto\/serie-kr\/\" \/>\n<meta property=\"og:site_name\" content=\"Megarefrigeracion\" \/>\n<meta property=\"article:modified_time\" content=\"2024-07-02T21:23:20+00:00\" \/>\n<meta property=\"og:image\" content=\"https:\/\/megarefrigeracion.com\/wp-content\/uploads\/2024\/07\/Serie-KR.png\" \/>\n\t<meta property=\"og:image:width\" content=\"1152\" \/>\n\t<meta property=\"og:image:height\" content=\"864\" \/>\n\t<meta property=\"og:image:type\" content=\"image\/png\" \/>\n<meta name=\"twitter:card\" content=\"summary_large_image\" \/>\n<meta name=\"twitter:label1\" content=\"Tiempo de lectura\" \/>\n\t<meta name=\"twitter:data1\" content=\"1 minuto\" \/>\n<script type=\"application\/ld+json\" class=\"yoast-schema-graph\">{\"@context\":\"https:\\\/\\\/schema.org\",\"@graph\":[{\"@type\":\"WebPage\",\"@id\":\"https:\\\/\\\/megarefrigeracion.com\\\/index.php\\\/producto\\\/serie-kr\\\/\",\"url\":\"https:\\\/\\\/megarefrigeracion.com\\\/index.php\\\/producto\\\/serie-kr\\\/\",\"name\":\"Serie KR - Megarefrigeracion\",\"isPartOf\":{\"@id\":\"https:\\\/\\\/megarefrigeracion.com\\\/#website\"},\"primaryImageOfPage\":{\"@id\":\"https:\\\/\\\/megarefrigeracion.com\\\/index.php\\\/producto\\\/serie-kr\\\/#primaryimage\"},\"image\":{\"@id\":\"https:\\\/\\\/megarefrigeracion.com\\\/index.php\\\/producto\\\/serie-kr\\\/#primaryimage\"},\"thumbnailUrl\":\"https:\\\/\\\/megarefrigeracion.com\\\/wp-content\\\/uploads\\\/2024\\\/07\\\/Serie-KR.png\",\"datePublished\":\"2024-07-02T21:22:27+00:00\",\"dateModified\":\"2024-07-02T21:23:20+00:00\",\"description\":\"El enfriador compacto KR est\u00e1 especialmente dise\u00f1ado con una silueta baja que se adapta al ras del techo y utiliza menos de 16 pulgadas de espacio al techo.\",\"breadcrumb\":{\"@id\":\"https:\\\/\\\/megarefrigeracion.com\\\/index.php\\\/producto\\\/serie-kr\\\/#breadcrumb\"},\"inLanguage\":\"es\",\"potentialAction\":[{\"@type\":\"ReadAction\",\"target\":[\"https:\\\/\\\/megarefrigeracion.com\\\/index.php\\\/producto\\\/serie-kr\\\/\"]}]},{\"@type\":\"ImageObject\",\"inLanguage\":\"es\",\"@id\":\"https:\\\/\\\/megarefrigeracion.com\\\/index.php\\\/producto\\\/serie-kr\\\/#primaryimage\",\"url\":\"https:\\\/\\\/megarefrigeracion.com\\\/wp-content\\\/uploads\\\/2024\\\/07\\\/Serie-KR.png\",\"contentUrl\":\"https:\\\/\\\/megarefrigeracion.com\\\/wp-content\\\/uploads\\\/2024\\\/07\\\/Serie-KR.png\",\"width\":1152,\"height\":864,\"caption\":\"Serie KR\"},{\"@type\":\"BreadcrumbList\",\"@id\":\"https:\\\/\\\/megarefrigeracion.com\\\/index.php\\\/producto\\\/serie-kr\\\/#breadcrumb\",\"itemListElement\":[{\"@type\":\"ListItem\",\"position\":1,\"name\":\"Portada\",\"item\":\"https:\\\/\\\/megarefrigeracion.com\\\/\"},{\"@type\":\"ListItem\",\"position\":2,\"name\":\"Productos\",\"item\":\"https:\\\/\\\/megarefrigeracion.com\\\/index.php\\\/shop\\\/\"},{\"@type\":\"ListItem\",\"position\":3,\"name\":\"Serie KR\"}]},{\"@type\":\"WebSite\",\"@id\":\"https:\\\/\\\/megarefrigeracion.com\\\/#website\",\"url\":\"https:\\\/\\\/megarefrigeracion.com\\\/\",\"name\":\"Megarefrigeracion\",\"description\":\"\",\"publisher\":{\"@id\":\"https:\\\/\\\/megarefrigeracion.com\\\/#organization\"},\"potentialAction\":[{\"@type\":\"SearchAction\",\"target\":{\"@type\":\"EntryPoint\",\"urlTemplate\":\"https:\\\/\\\/megarefrigeracion.com\\\/?s={search_term_string}\"},\"query-input\":{\"@type\":\"PropertyValueSpecification\",\"valueRequired\":true,\"valueName\":\"search_term_string\"}}],\"inLanguage\":\"es\"},{\"@type\":\"Organization\",\"@id\":\"https:\\\/\\\/megarefrigeracion.com\\\/#organization\",\"name\":\"Megarefrigeracion\",\"url\":\"https:\\\/\\\/megarefrigeracion.com\\\/\",\"logo\":{\"@type\":\"ImageObject\",\"inLanguage\":\"es\",\"@id\":\"https:\\\/\\\/megarefrigeracion.com\\\/#\\\/schema\\\/logo\\\/image\\\/\",\"url\":\"https:\\\/\\\/megarefrigeracion.com\\\/wp-content\\\/uploads\\\/2024\\\/07\\\/logomega-300x165-1.png\",\"contentUrl\":\"https:\\\/\\\/megarefrigeracion.com\\\/wp-content\\\/uploads\\\/2024\\\/07\\\/logomega-300x165-1.png\",\"width\":300,\"height\":165,\"caption\":\"Megarefrigeracion\"},\"image\":{\"@id\":\"https:\\\/\\\/megarefrigeracion.com\\\/#\\\/schema\\\/logo\\\/image\\\/\"}}]}<\/script>\n<!-- \/ Yoast SEO plugin. -->","yoast_head_json":{"title":"Serie KR - Megarefrigeracion","description":"El enfriador compacto KR est\u00e1 especialmente dise\u00f1ado con una silueta baja que se adapta al ras del techo y utiliza menos de 16 pulgadas de espacio al techo.","robots":{"index":"index","follow":"follow","max-snippet":"max-snippet:-1","max-image-preview":"max-image-preview:large","max-video-preview":"max-video-preview:-1"},"canonical":"https:\/\/megarefrigeracion.com\/index.php\/producto\/serie-kr\/","og_locale":"es_ES","og_type":"article","og_title":"Serie KR - Megarefrigeracion","og_description":"El enfriador compacto KR est\u00e1 especialmente dise\u00f1ado con una silueta baja que se adapta al ras del techo y utiliza menos de 16 pulgadas de espacio al techo.","og_url":"https:\/\/megarefrigeracion.com\/index.php\/producto\/serie-kr\/","og_site_name":"Megarefrigeracion","article_modified_time":"2024-07-02T21:23:20+00:00","og_image":[{"width":1152,"height":864,"url":"https:\/\/megarefrigeracion.com\/wp-content\/uploads\/2024\/07\/Serie-KR.png","type":"image\/png"}],"twitter_card":"summary_large_image","twitter_misc":{"Tiempo de lectura":"1 minuto"},"schema":{"@context":"https:\/\/schema.org","@graph":[{"@type":"WebPage","@id":"https:\/\/megarefrigeracion.com\/index.php\/producto\/serie-kr\/","url":"https:\/\/megarefrigeracion.com\/index.php\/producto\/serie-kr\/","name":"Serie KR - Megarefrigeracion","isPartOf":{"@id":"https:\/\/megarefrigeracion.com\/#website"},"primaryImageOfPage":{"@id":"https:\/\/megarefrigeracion.com\/index.php\/producto\/serie-kr\/#primaryimage"},"image":{"@id":"https:\/\/megarefrigeracion.com\/index.php\/producto\/serie-kr\/#primaryimage"},"thumbnailUrl":"https:\/\/megarefrigeracion.com\/wp-content\/uploads\/2024\/07\/Serie-KR.png","datePublished":"2024-07-02T21:22:27+00:00","dateModified":"2024-07-02T21:23:20+00:00","description":"El enfriador compacto KR est\u00e1 especialmente dise\u00f1ado con una silueta baja que se adapta al ras del techo y utiliza menos de 16 pulgadas de espacio al techo.","breadcrumb":{"@id":"https:\/\/megarefrigeracion.com\/index.php\/producto\/serie-kr\/#breadcrumb"},"inLanguage":"es","potentialAction":[{"@type":"ReadAction","target":["https:\/\/megarefrigeracion.com\/index.php\/producto\/serie-kr\/"]}]},{"@type":"ImageObject","inLanguage":"es","@id":"https:\/\/megarefrigeracion.com\/index.php\/producto\/serie-kr\/#primaryimage","url":"https:\/\/megarefrigeracion.com\/wp-content\/uploads\/2024\/07\/Serie-KR.png","contentUrl":"https:\/\/megarefrigeracion.com\/wp-content\/uploads\/2024\/07\/Serie-KR.png","width":1152,"height":864,"caption":"Serie KR"},{"@type":"BreadcrumbList","@id":"https:\/\/megarefrigeracion.com\/index.php\/producto\/serie-kr\/#breadcrumb","itemListElement":[{"@type":"ListItem","position":1,"name":"Portada","item":"https:\/\/megarefrigeracion.com\/"},{"@type":"ListItem","position":2,"name":"Productos","item":"https:\/\/megarefrigeracion.com\/index.php\/shop\/"},{"@type":"ListItem","position":3,"name":"Serie KR"}]},{"@type":"WebSite","@id":"https:\/\/megarefrigeracion.com\/#website","url":"https:\/\/megarefrigeracion.com\/","name":"Megarefrigeracion","description":"","publisher":{"@id":"https:\/\/megarefrigeracion.com\/#organization"},"potentialAction":[{"@type":"SearchAction","target":{"@type":"EntryPoint","urlTemplate":"https:\/\/megarefrigeracion.com\/?s={search_term_string}"},"query-input":{"@type":"PropertyValueSpecification","valueRequired":true,"valueName":"search_term_string"}}],"inLanguage":"es"},{"@type":"Organization","@id":"https:\/\/megarefrigeracion.com\/#organization","name":"Megarefrigeracion","url":"https:\/\/megarefrigeracion.com\/","logo":{"@type":"ImageObject","inLanguage":"es","@id":"https:\/\/megarefrigeracion.com\/#\/schema\/logo\/image\/","url":"https:\/\/megarefrigeracion.com\/wp-content\/uploads\/2024\/07\/logomega-300x165-1.png","contentUrl":"https:\/\/megarefrigeracion.com\/wp-content\/uploads\/2024\/07\/logomega-300x165-1.png","width":300,"height":165,"caption":"Megarefrigeracion"},"image":{"@id":"https:\/\/megarefrigeracion.com\/#\/schema\/logo\/image\/"}}]}},"_links":{"self":[{"href":"https:\/\/megarefrigeracion.com\/index.php\/wp-json\/wp\/v2\/product\/94193","targetHints":{"allow":["GET"]}}],"collection":[{"href":"https:\/\/megarefrigeracion.com\/index.php\/wp-json\/wp\/v2\/product"}],"about":[{"href":"https:\/\/megarefrigeracion.com\/index.php\/wp-json\/wp\/v2\/types\/product"}],"replies":[{"embeddable":true,"href":"https:\/\/megarefrigeracion.com\/index.php\/wp-json\/wp\/v2\/comments?post=94193"}],"wp:featuredmedia":[{"embeddable":true,"href":"https:\/\/megarefrigeracion.com\/index.php\/wp-json\/wp\/v2\/media\/94194"}],"wp:attachment":[{"href":"https:\/\/megarefrigeracion.com\/index.php\/wp-json\/wp\/v2\/media?parent=94193"}],"wp:term":[{"taxonomy":"product_brand","embeddable":true,"href":"https:\/\/megarefrigeracion.com\/index.php\/wp-json\/wp\/v2\/product_brand?post=94193"},{"taxonomy":"product_cat","embeddable":true,"href":"https:\/\/megarefrigeracion.com\/index.php\/wp-json\/wp\/v2\/product_cat?post=94193"},{"taxonomy":"product_tag","embeddable":true,"href":"https:\/\/megarefrigeracion.com\/index.php\/wp-json\/wp\/v2\/product_tag?post=94193"}],"curies":[{"name":"wp","href":"https:\/\/api.w.org\/{rel}","templated":true}]}}

<p>El enfriador compacto KR está especialmente diseñado con una silueta baja que se adapta al ras del techo y utiliza menos de 16 pulgadas de espacio al techo.</p>
<p>Este diseño le ofrece más espacio de almacenamiento para todas las aplicaciones tipo walk-in. La serie KR está construida para gran eficiencia y facilidad de mantenimiento.</p>
<p><span class="huss-rteStyle-SectionHeader">Características:</span></p>
<ul>
<li>
<div>Su diseño con aspas de flecha progresiva ofrece una operación con poco ruido</div>
</li>
</ul>
<ul>
<li>
<div>Protector de plástico en el ventilador</div>
</li>
</ul>
<ul>
<li>
<div>Acceso frontal a los componentes de refrigeración para facilitar el servicio</div>
</li>
</ul>
<ul>
<li>
<div>El panel eléctrico se localiza detrás de la cubierta frontal de acceso de aluminio con bisagras</div>
</li>
</ul>
<ul>
<li>
<div>Nueva tubería estriada y diseño mejorado de las aletas para mejorar la transferencia de calor</div>
</li>
</ul>
<ul>
<li>
<div>Motores de ventiladores PSC permanentemente lubricados y con protección térmica</div>
</li>
</ul>
<ul>
<li>
<div>Disponibles con descongelamiento de aire, eléctrico y de gas</div>
</li>
</ul>

<p>El enfriador compacto KR está especialmente diseñado con una silueta baja que se adapta al ras del techo y utiliza menos de 16 pulgadas de espacio al techo. Este diseño le ofrece más espacio de almacenamiento para todas las aplicaciones tipo walk-in. La serie KR está construida para gran eficiencia y facilidad de mantenimiento. Características:&hellip;</p>

<!-- This site is optimized with the Yoast SEO plugin v27.5 - https://yoast.com/product/yoast-seo-wordpress/ -->
<title>Serie KR - Megarefrigeracion</title>
<meta name="description" content="El enfriador compacto KR está especialmente diseñado con una silueta baja que se adapta al ras del techo y utiliza menos de 16 pulgadas de espacio al techo." />
<meta name="robots" content="index, follow, max-snippet:-1, max-image-preview:large, max-video-preview:-1" />
<link rel="canonical" href="https://megarefrigeracion.com/index.php/producto/serie-kr/" />
<meta property="og:locale" content="es_ES" />
<meta property="og:type" content="article" />
<meta property="og:title" content="Serie KR - Megarefrigeracion" />
<meta property="og:description" content="El enfriador compacto KR está especialmente diseñado con una silueta baja que se adapta al ras del techo y utiliza menos de 16 pulgadas de espacio al techo." />
<meta property="og:url" content="https://megarefrigeracion.com/index.php/producto/serie-kr/" />
<meta property="og:site_name" content="Megarefrigeracion" />
<meta property="article:modified_time" content="2024-07-02T21:23:20+00:00" />
<meta property="og:image" content="https://megarefrigeracion.com/wp-content/uploads/2024/07/Serie-KR.png" />
	<meta property="og:image:width" content="1152" />
	<meta property="og:image:height" content="864" />
	<meta property="og:image:type" content="image/png" />
<meta name="twitter:card" content="summary_large_image" />
<meta name="twitter:label1" content="Tiempo de lectura" />
	<meta name="twitter:data1" content="1 minuto" />
<script type="application/ld+json" class="yoast-schema-graph">{"@context":"https:\/\/schema.org","@graph":[{"@type":"WebPage","@id":"https:\/\/megarefrigeracion.com\/index.php\/producto\/serie-kr\/","url":"https:\/\/megarefrigeracion.com\/index.php\/producto\/serie-kr\/","name":"Serie KR - Megarefrigeracion","isPartOf":{"@id":"https:\/\/megarefrigeracion.com\/#website"},"primaryImageOfPage":{"@id":"https:\/\/megarefrigeracion.com\/index.php\/producto\/serie-kr\/#primaryimage"},"image":{"@id":"https:\/\/megarefrigeracion.com\/index.php\/producto\/serie-kr\/#primaryimage"},"thumbnailUrl":"https:\/\/megarefrigeracion.com\/wp-content\/uploads\/2024\/07\/Serie-KR.png","datePublished":"2024-07-02T21:22:27+00:00","dateModified":"2024-07-02T21:23:20+00:00","description":"El enfriador compacto KR está especialmente diseñado con una silueta baja que se adapta al ras del techo y utiliza menos de 16 pulgadas de espacio al techo.","breadcrumb":{"@id":"https:\/\/megarefrigeracion.com\/index.php\/producto\/serie-kr\/#breadcrumb"},"inLanguage":"es","potentialAction":[{"@type":"ReadAction","target":["https:\/\/megarefrigeracion.com\/index.php\/producto\/serie-kr\/"]}]},{"@type":"ImageObject","inLanguage":"es","@id":"https:\/\/megarefrigeracion.com\/index.php\/producto\/serie-kr\/#primaryimage","url":"https:\/\/megarefrigeracion.com\/wp-content\/uploads\/2024\/07\/Serie-KR.png","contentUrl":"https:\/\/megarefrigeracion.com\/wp-content\/uploads\/2024\/07\/Serie-KR.png","width":1152,"height":864,"caption":"Serie KR"},{"@type":"BreadcrumbList","@id":"https:\/\/megarefrigeracion.com\/index.php\/producto\/serie-kr\/#breadcrumb","itemListElement":[{"@type":"ListItem","position":1,"name":"Portada","item":"https:\/\/megarefrigeracion.com\/"},{"@type":"ListItem","position":2,"name":"Productos","item":"https:\/\/megarefrigeracion.com\/index.php\/shop\/"},{"@type":"ListItem","position":3,"name":"Serie KR"}]},{"@type":"WebSite","@id":"https:\/\/megarefrigeracion.com\/#website","url":"https:\/\/megarefrigeracion.com\/","name":"Megarefrigeracion","description":"","publisher":{"@id":"https:\/\/megarefrigeracion.com\/#organization"},"potentialAction":[{"@type":"SearchAction","target":{"@type":"EntryPoint","urlTemplate":"https:\/\/megarefrigeracion.com\/?s={search_term_string}"},"query-input":{"@type":"PropertyValueSpecification","valueRequired":true,"valueName":"search_term_string"}}],"inLanguage":"es"},{"@type":"Organization","@id":"https:\/\/megarefrigeracion.com\/#organization","name":"Megarefrigeracion","url":"https:\/\/megarefrigeracion.com\/","logo":{"@type":"ImageObject","inLanguage":"es","@id":"https:\/\/megarefrigeracion.com\/#\/schema\/logo\/image\/","url":"https:\/\/megarefrigeracion.com\/wp-content\/uploads\/2024\/07\/logomega-300x165-1.png","contentUrl":"https:\/\/megarefrigeracion.com\/wp-content\/uploads\/2024\/07\/logomega-300x165-1.png","width":300,"height":165,"caption":"Megarefrigeracion"},"image":{"@id":"https:\/\/megarefrigeracion.com\/#\/schema\/logo\/image\/"}}]}</script>
<!-- / Yoast SEO plugin. -->

El enfriador compacto KR está especialmente diseñado con una silueta baja que se adapta al ras del techo y utiliza menos de 16 pulgadas de espacio al techo.
